
True
Does 751 divide 2839790?
False
Is 300 a factor of 297300?
True
Is 26362 a multiple of 20?
False
Does 165 divide 472395?
True
Is 155 a factor of 135974?
False
Is 33900 a multiple of 20?
True
Is 47 a factor of 4277047?
True
Does 32 divide 607840?
True
Does 14 divide 3019674?
True
Is 544 a factor of 1140158?
False
Is 98231 a multiple of 9?
False
Is 10418063 a multiple of 502?
False
Is 45755 even?
False
Is 646129 a multiple of 66?
False
Is 44 a factor of 9372?
True
Is 862 a factor of 94820?
True
Is 99924 a multiple of 44?
True
Does 277 divide 5364044?
False
Is 33329 a multiple of 98?
False
Is 16 a factor of 219904?
True
Does 13 divide 423384?
True
Is 74 a factor of 2048986?
True
Is 190 a factor of 27360?
True
Is 1927658 a multiple of 8?
False
Is 213698 a multiple of 118?
True
Is 112 a factor of 1455?
False
Does 356 divide 17245352?
True
Does 99 divide 44055?
True
Is 195680 even?
True
Is 24 a factor of 1308555?
False
Is 124 a factor of 192324?
True
Is 34 a factor of 272884?
True
Does 1443 divide 11888877?
True
Does 101 divide 2990570?
False
Is 5937076 a multiple of 353?
False
Is 33343 a multiple of 2?
False
Does 61 divide 339099?
True
Is 16 a factor of 324867?
False
Is 296703 a multiple of 153?
False
Does 8 divide 279144?
True
Does 73 divide 15152728?
False
Is 35356 a multiple of 4?
True
Is 32 a factor of 1067840?
True
Does 28 divide 480394?
False
Is 74 a factor of 408480?
True
Is 52042 a multiple of 2?
True
Is 143 a factor of 120263?
True
Is 129 a factor of 333828?
False
Is 326331 a multiple of 4?
False
Is 799 a factor of 435793?
False
Is 86 a factor of 1876125?
False
Is 39 a factor of 5088720?
True
Does 63 divide 161654?
False
Is 336319 a multiple of 74?
False
Does 13 divide 230581?
True
Is 51241 a multiple of 4?
False
Is 445512 a multiple of 977?
True
Does 16 divide 422442?
False
Is 117 a factor of 125190?
True
Is 3795960 a multiple of 84?
True
Is 2 a factor of 2171178?
True
Is 11 a factor of 32901?
True
Is 631 a factor of 205952?
False
Is 797993 a multiple of 425?
False
Is 8 a factor of 3443152?
True
Does 23 divide 850954?
True
Is 2728454 a multiple of 37?
True
Does 12 divide 5048960?
False
Does 22 divide 1623526?
False
Is 136479 a multiple of 97?
True
Is 7663524 a multiple of 22?
True
Is 386 a factor of 864134?
False
Is 212680 a multiple of 130?
True
Does 5 divide 27358?
False
Does 29 divide 24471?
False
Is 397 a factor of 3154889?
False
Is 36 a factor of 109008?
True
Does 176 divide 269104?
True
Is 4 a factor of 98993?
False
Is 268 a factor of 184163?
False
Is 54036 a multiple of 76?
True
Is 91 a factor of 498589?
True
Is 561 a factor of 3984971?
False
Does 8 divide 1668744?
True
Is 9 a factor of 2541955?
False
Is 374600 a multiple of 20?
True
Is 665358 a multiple of 91?
False
Does 36 divide 14468?
False
Is 17 a factor of 53063?
False
Is 1396824 a multiple of 312?
True
Does 3 divide 124999?
False
Does 20 divide 2765080?
True
Is 15 a factor of 7816173?
False
Does 78 divide 19865?
False
Does 13 divide 451386?
True
Does 85 divide 81917?
False
Is 139 a factor of 1223579?
False
Does 469 divide 201339?
False
Is 17 a factor of 514301?
True
Is 17 a factor of 119625?
False
Is 1400838 a multiple of 279?
False
Is 12062363 a multiple of 10?
False
Is 27 a factor of 2892186?
True
Does 1147 divide 5796938?
True
Is 2 a factor of 2118240?
True
Does 52 divide 1536288?
True
Is 3 a factor of 1007307?
True
Does 767 divide 25999957?
False
Is 51748 a multiple of 5?
False
Is 5 a factor of 5415?
True
Is 17781 a multiple of 2?
False
Is 61725 a multiple of 75?
True
Does 346 divide 104838?
True
Is 18 a factor of 13975?
False
Does 3 divide 11278?
False
Is 67 a factor of 395162?
False
Is 24257 a multiple of 6?
False
Does 580 divide 1372280?
True
Is 373898 a multiple of 238?
True
Is 713847 a multiple of 697?
False
Is 1942985 a multiple of 55?
True
Is 14 a factor of 2183310?
False
Is 794 a factor of 547202?
False
Is 36361 even?
False
Is 2866247 a multiple of 13?
False
Is 74674 a multiple of 3?
False
Does 71 divide 742550?
False
Does 47 divide 276454?
True
Is 5724927 a multiple of 117?
True
Does 277 divide 283569?
False
Is 369 a factor of 7700169?
False
Does 341 divide 2039180?
True
Does 58 divide 285302?
True
Is 500 a factor of 1019543?
False
Does 17 divide 1809485?
False
Does 94 divide 529784?
True
Is 345 a factor of 529998?
False
Does 24 divide 37920?
True
Is 11 a factor of 46502?
False
Is 298662 a multiple of 2?
True
Is 85 a factor of 1915878?
False
Does 12 divide 5193708?
True
Does 2 divide 17858?
True
Is 855352 a multiple of 386?
False
Does 22 divide 29348?
True
Is 20 a factor of 3809551?
False
Is 32168 a multiple of 231?
False
Is 71 a factor of 548310?
False
Is 103186 a multiple of 14?
False
Is 318 a factor of 1345885?
False
Does 300 divide 17989200?
True
Is 16 a factor of 2614768?
True
Does 11 divide 3049722?
False
Does 33 divide 2070050?
False
Is 760460 a multiple of 235?
True
Does 90 divide 28950447?
False
Is 315 a factor of 2706393?
False
Does 143 divide 287859?
True
Is 38 a factor of 35834?
True
Is 39 a factor of 77375?
False
Does 244 divide 3429176?
True
Is 17 a factor of 55926?
False
Is 386 a factor of 91482?
True
Is 225408 a multiple of 64?
True
Does 1466 divide 8664116?
False
Is 143310 a multiple of 119?
False
Is 3 a factor of 8769?
True
Is 8557 a multiple of 199?
True
Does 15 divide 2599350?
True
Is 139 a factor of 1655367?
False
Is 782 a factor of 284671?
False
Is 17748 a multiple of 87?
True
Is 165819 a multiple of 31?
True
Is 2511496 a multiple of 403?
True
Is 12 a factor of 382523?
False
Does 435 divide 3857580?
True
Is 2589962 a multiple of 388?
False
Does 18 divide 235080?
True
Is 2010133 a multiple of 525?
False
Is 471276 a multiple of 247?
True
Does 90 divide 249268?
False
Is 6730984 a multiple of 17?
False
Is 5 a factor of 1890172?
False
Is 108 a factor of 5076460?
False
Does 18 divide 878412?
False
Does 8 divide 391041?
False
Is 237 a factor of 14469324?
True
Is 12 a factor of 14953152?
True
Does 15 divide 2658495?
True
Does 160 divide 46560?
True
Does 8 divide 53401?
False
Is 137584 a multiple of 16?
True
Does 89 divide 1031523?
False
Is 727 a factor of 7427238?
False
Is 45009 a multiple of 18?
False
Is 173 a factor of 1235398?
False
Is 18 a factor of 475352?
False
Is 219 even?
False
Is 859755 a multiple of 13?
True
Is 18 a factor of 441792?
True
Is 731952 a multiple of 23?
True
Does 247 divide 5029082?
False
Does 14 divide 10672130?
True
Does 10 divide 56436?
False
Does 38 divide 1241422?
True
Is 787731 a multiple of 16?
False
Is 3 a factor of 119691?
True
Does 11 divide 1007237?
True
Does 207 divide 166635?
True
Is 27690 a multiple of 213?
True
Does 277 divide 67887?
False
Is 135 a factor of 908280?
True
Is 703 a factor of 2659?
False
Does 123 divide 1982595?
False
Does 83 divide 443635?
True
Does 26 divide 210180?
False
Is 3 a factor of 215732?
False
Is 446 a factor of 3033692?
True
Is 94 a factor of 578852?
True
Is 780533 a multiple of 80?
False
Is 690667 a multiple of 554?
False
Does 119 divide 1270206?
True
Is 41 a factor of 1095560?
False
Is 10 a factor of 77210?
True
Does 7 divide 106842?
False
Is 27 a factor of 22182?
False
Is 25 a factor of 20216?
False
Is 901785 a multiple of 15?
True
Is 39 a factor of 754029?
False
Does 12 divide 11272656?
True
Is 29 a factor of 83823?
False
Does 7 divide 38790?
False
Is 238056 a multiple of 312?
True
Is 16 a factor of 485232?
True
Is 148114 a multiple of 79?
False
Is 33 a factor of 136587?
True
Does 51 divide 49470?
True
Does 158 divide 268492?
False
Is 37 a factor of 290968?
True
Is 4 a factor of 166657?
False
Is 715806 a multiple of 23?
True
Is 1389406 a multiple of 276?
False
Is 23 a factor of 156505?
False
Does 21 divide 61472?
False
Is 113684 a multiple of 19?
False
Is 85 a factor of 347225?
True
Does 12 divide 3680892?
True
Is 39529 a multiple of 16?
False
Is 7835613 a multiple of 20?
False
Is 8 a factor of 1658888?
True
Does 102 divide 249900?
True
Is 4 a factor of 381948?
True
Is 682433 a multiple of 103?
False
Is 63 a factor of 2512160?
False
Does 5 divide 1072352?
False
Is 31423 a multiple of 23?
False
Does 216 divide 5749272?
True
Is 375788 a multiple of 4?
True
Does 98 divide 7280910?
True
Is 98 a factor of 6305418?
True
Is 32 a factor of 1580256?
True
Is 776673 a multiple of 45